54)/(-20) - ((-742)/140 + k)?
1
Suppose 611 = 9*z - 2998. Suppose 316 = 4*l - 0*l + 2*s, -5*l + z = s. What is the tens digit of l?
8
Let q(h) = -71*h + 16. Let f be q(-7). Let y = f - 1201. What is the units digit of (-2)/(-6) - y/24?
9
Suppose 2*j - 29 = 5*b, 2*b - 12 = 3*j - 39. Let d be 4 - (2 - 1) - 0. What is the units digit of 39/d - (5 - j)?
5
Let f(n) be the first derivative of n**4/12 - 7*n**3/6 + 7*n**2/2 - 10*n - 6. Let j(u) be the first derivative of f(u). What is the tens digit of j(-5)?
6
Let w be (-5 - -1)/((-160)/36 - -4). Let q(p) = 6*p**2 - 5*p + 28. What is the units digit of q(w)?
9
Let y(v) = -16*v + 22. Suppose -3*i - 5*a - 15 = -2*i, a + 29 = 5*i. Let o be y(i). Let z = 107 + o. What is the units digit of z?
9
Suppose 48731 = 6*s + 71. Suppose 7*t - 17*t = -s. What is the tens digit of t?
1
Suppose -2*r - 20 = -4*w - 0, 0 = -4*w + 4*r + 24. Let c(j) = 27*j**2 - 13*j + 23. What is the tens digit of c(w)?
0
Suppose 21080 - 93201 - 99800 = -17*l. What is the hundreds digit of l?
1
Suppose 703919 = -104*a + 4809943. What is the thousands digit of a?
9
Suppose h + 5*j - 100 = 0, -j + 169 = 4*h - 231. Suppose -1384 = -164*l - 4336. Let f = h + l. What is the units digit of f?
2
Let m(d) be the second derivative of -13*d**3/3 - 41*d**2/2 - d + 10. What is the tens digit of m(-9)?
9
Suppose g + f - 36135 = 798, 110796 = 3*g + 4*f. What is the hundreds digit of g?
9
Let m = 13885 + -6934. What is the thousands digit of m?
6
Let y be (-61144)/(-28) + 4/14. Suppose 13*b = 17*b - y. What is the hundreds digit of b?
5
Let q(d) = -7*d - 31. Let c be q(-5). Let v be -2*3*(-1)/(6/c). What is the units digit of (2/v)/((-14)/(-1176))?
2
Suppose d + 3 = -5*y + 8, -8 = y + 2*d. Let v(t) = -60 + 18*t + y*t + 4 + 20*t. What is the units digit of v(8)?
4
Suppose 2*c = -190 + 182, -3*i - 2*c + 247 = 0. What is the units digit of i?
5
Let n(w) = -6*w + 3. Let b be n(-1). Suppose -9 = -4*t - b. Suppose -2*p - p + 15 = t. What is the units digit of p?
5
Let o = 1277 + -695. Suppose -o = -11*f + 1167. What is the tens digit of f?
5
Suppose -5*g + 5*z = z + 66, -3 = 3*z. Suppose 0 = 3*j + 11 + 31. What is the tens digit of 74/j + 5 - 1362/g?
9
Let j be 2/(-10) - (-12654)/45. Let v = j + -154. What is the tens digit of v?
2
Suppose -79 = -2*c + 79. Let y = c - 61. Suppose -y - 286 = -2*d. What is the tens digit of d?
5
Let u(i) be the first derivative of 58*i**3 + 3*i**2 - 9*i - 69. What is the hundreds digit of u(2)?
6
Suppose -4*u = 2*k + 15 - 1, -3*k + u = 28. What is the units digit of k/(-3)*250/15?
0
Let z be 12/30 - 2/5. Suppose z = -s + 3*o - o + 190, -5*s + 5*o = -940. Suppose -10*w = -12*w + s. What is the tens digit of w?
9
What is the hundreds digit of 832/(-2704) + (-524012)/(-26)?
1
Let v = 112 - 122. What is the tens digit of (1*v)/((-4)/10*1)?
2
Suppose 4*l = -4*y + 1412, -8*y + 13*y = -2*l + 715. Suppose -4*i + 5*p = -712, 0 = -2*i - 3*p + 4*p + l. What is the units digit of i?
3
Let v(p) = 23*p**2 + 34*p + 3. Let s be v(7). Let g = s + -239. What is the hundreds digit of g?
1
Suppose 125*f - 5*f = -14*f + 916426. What is the units digit of f?
9
Let f be (4/(-10) + (-48)/80)/1. Let k be 7 + f - (-7 + 4 - -3). Suppose -2*q - 4*n + 594 = 0, 0 = -3*q + k*q + n - 871. What is the units digit of q?
9
Suppose 175*v = 173*v + 38. Suppose 0 = -2*h - 5*w + 145, -h + v + 55 = 4*w. What is the units digit of h?
0
Suppose 80*z + 127 = 81*z. Let h = z - 54. What is the units digit of h?
3
Let c = -7 + -6. Let q = 143 - c. Suppose -4*i + 324 = 4*x, -3*x + 4*i + 80 = -q. What is the units digit of x?
0
Suppose 4*a + 536 = -3*q - 2*q, -250 = 2*a - 2*q. Let n = a - -430. What is the tens digit of n?
0
Suppose 3*t = -5*r - 6956, 33*r + 2 = 31*r. What is the units digit of (t/(-14))/((-1)/(-4))?
2
Suppose 2*x + r = 14731, 303*x + 2*r = 308*x - 36868. What is the thousands digit of x?
7
Suppose 8*t - 84 = -13*t. Suppose -z = 2*l - 3*z - 2966, -t*l + z + 5929 = 0. What is the units digit of l?
2
Let k = 1635 + 105. What is the tens digit of k?
4
Suppose -1998*h - 327582 = -2016*h. What is the thousands digit of h?
8
Suppose 2*n = -2*k, 2*k + 13*n = 12*n + 2. Suppose k*h + 229 - 1359 = 0. What is the units digit of h?
5
Let q(n) = 3*n**2 - 7*n + 7. Let g(l) = 2*l**2 - 8*l + 7. Let w(i) = 4*g(i) - 3*q(i). Let z be 4/24 + (-67)/6. What is the units digit of w(z)?
7
Let c = 219 - 215. Suppose c*u - 18*u = -8386. What is the tens digit of u?
9
Let u = -37142 + 106335. What is the ten thousands digit of u?
6
Let a(p) = 107*p + 16. Let i be a(12). Suppose 7*y - i = 1024. What is the hundreds digit of y?
3
Let s(p) = -15*p - 87. Let l be s(10). Let u = -160 - l. What is the tens digit of u?
7
Let x = -1907 + 1910. Let h be ((-9)/(-6))/(6/8). What is the tens digit of 47/((2 - x) + h)?
4
Suppose 4*u - 2*x = 206, -2*x = 4*u - x - 215. Let j = u + -73. Let d = j - -141. What is the hundreds digit of d?
1
Let s = 263 - 256. What is the units digit of 6/s - 4329/(-21)?
7
Suppose -3*d + 2*z + 23 = 3*z, -5*d - z + 35 = 0. Suppose -1314 = -d*b + 378. What is the hundreds digit of b?
2
Let j = 2303 - -13353. What is the hundreds digit of j?
6
Let k = -57 + 57. Let i be ((-6)/15 + k)/((-7)/(-140)). What is the tens digit of 11 + (1 - -1) - (i - -10)?
1
Let c(j) be the third derivative of -j**5/20 + 7*j**4/6 - 7*j**2. Let u(x) = x**2 - 9*x. Let r(w) = 2*c(w) + 7*u(w). What is the tens digit of r(-6)?
7
What is the tens digit of (-3923*138/115)/((-3)/15)?
3
Suppose h - 38 + 29 = 0. Suppose 3000 = h*l + 390. Suppose -96 = 2*t - l. What is the tens digit of t?
9
Let y(a) = -a**3 + 8*a**2 - 2*a + 20. Let w be y(8). Let n = 46 + w. What is the units digit of 630/n - 6/(-15)?
3
Let o(n) = -1. Let y(v) = 7*v + 5. Suppose 2 = -2*i + 4*a, i + 4*a + 2 = 1. Let x(b) = i*y(b) - 3*o(b). What is the units digit of x(-11)?
5
Let d(c) = 4*c**3 + 2*c**2 - c - 4. Let f(z) = z**3 + 7*z**2 + 3*z + 25. Let u be f(-7). What is the hundreds digit of d(u)?
2
Let j(y) = 1489*y - 2341. What is the tens digit of j(18)?
6
Let z = 20943 - 7726. What is the tens digit of z?
1
Suppose z - 3*p + 2 = -10, -3*z - 4 = -p. Suppose 38*n - 305 - 55669 = z. What is the hundreds digit of n?
4
Suppose 5*n - 9*n - 1952 = 0. Let g = 882 + n. Suppose -2*h + g - 70 = 0. What is the units digit of h?
2
Let r = -7189 + 52803. What is the thousands digit of r?
5
Let w be (1 + (-4)/3)/(23/(-7659)). Let d be (w/(-4))/(3/(-72)). Suppose d = 8*t - 2*t. What is the tens digit of t?
1
Let r = 820 - -242. Suppose -r = -4*c + 3*z - 259, -c + z = -201. Suppose c = -13*t + 1201. What is the tens digit of t?
7
Suppose -d - 2704 = -5*d. Suppose 3*q - 137 = -2*u + 181, 4*u - d = 4*q. What is the units digit of u?
5
Let l(j) = -2*j + 10*j + 8 + 4*j + 5*j + 2*j + 4*j**2. Let a(v) = 9*v**3 + v + 1. Let h be a(-1). What is the hundreds digit of l(h)?
1
Let p(c) = 13142*c**2 + 89*c - 88. What is the hundreds digit of p(1)?
1
Let r(x) = -5*x - 116 + 69 + 54 + x**2. Let z(q) = -q**3 - q**2 - 11. Let b be z(0). What is the units digit of r(b)?
3
Let b be -7*(135/(-35) - -3). Let w be b/9 - (-18784)/12. Suppose 12*y - w = 3*y. What is the hundreds digit of y?
1
Suppose -b = 2, 5*d + 2*b + b - 30179 = 0. What is the hundreds digit of d?
0
Let t = -142354 + 229132. What is the ten thousands digit of t?
8
Suppose 30*w + 22860 - 136340 = 286780. What is the units digit of w?
2
Let s be (-82)/123 - (-1 - (-28)/(-6)). Let g(x) = 18*x - 7. What is the units digit of g(s)?
3
Suppose -14*u - 2*s + 830 = -12*u, 2*u + 4*s = 820. Suppose u = -34*m + 36*m. What is the tens digit of m?
1
Suppose -386*s = -354*s - 512. Let y(k) = k. Let w(q) = 12*q - 9. Let x(j) = w(j) - 5*y(j). What is the tens digit of x(s)?
0
Suppose 0 = f - 3*k - 9126, k - 6218 = -2*f + 12006. What is the tens digit of f?
1
What is the tens digit of (-36 - -31)*(5/10 - 118642/20)?
5
Let a = 17 + -12. Suppose -p + 19 = a. What is the units digit of 6/3*189/p?
7
Suppose 171*c - 496642 = 61160. What is the units digit of c?
2
Let u = 30005 - 11931. What is the thousands digit of u?
8
Let r = -119 + -1486. What is the units digit of (-8)/((-5)/(r/(-6)))?
8
Suppose 0 = 2*s - 74 + 380. Suppose 0 = 4*z + u + 297, -3*z + 4*u = 332 - 114. Let y = z - s. What is the tens digit of y?
7
Let 